{"id":54,"date":"2019-05-22T11:27:50","date_gmt":"2019-05-22T11:27:50","guid":{"rendered":"http:\/\/fundacioncomercio.es\/i3com\/?page_id=54"},"modified":"2019-05-22T11:52:50","modified_gmt":"2019-05-22T11:52:50","slug":"area-de-comunicacion-y-cooperacion0","status":"publish","type":"page","link":"https:\/\/fundacioncomercio.es\/i3com\/index.php\/area-de-comunicacion-y-cooperacion0","title":{"rendered":"\u00c1rea de Comunicaci\u00f3n y Cooperaci\u00f3n0"},"content":{"rendered":"\t\t<div data-elementor-type=\"wp-post\" data-elementor-id=\"54\" class=\"elementor elementor-54\">\n\t\t\t\t\t\t<section class=\"elementor-section elementor-top-section elementor-element elementor-element-3690ba6 elementor-section-boxed elementor-section-height-default elementor-section-height-default\" data-id=\"3690ba6\" data-element_type=\"section\">\n\t\t\t\t\t\t<div class=\"elementor-container elementor-column-gap-default\">\n\t\t\t\t\t<div class=\"elementor-column elementor-col-100 elementor-top-column elementor-element elementor-element-5f666b2\" data-id=\"5f666b2\" data-element_type=\"column\">\n\t\t\t<div class=\"elementor-widget-wrap elementor-element-populated\">\n\t\t\t\t\t\t<div class=\"elementor-element elementor-element-b1f38db elementor-widget elementor-widget-text-editor\" data-id=\"b1f38db\" data-element_type=\"widget\" data-widget_type=\"text-editor.default\">\n\t\t\t\t<div class=\"elementor-widget-container\">\n\t\t\t\t\t\t\t\t\t<table border=\"0\" width=\"390\" cellspacing=\"0\" cellpadding=\"0\"><tbody><tr><td align=\"left\" valign=\"top\"><strong><span class=\"arial_blanco_tex11pt_B\">\u00c1rea de Comunicaci\u00f3n y Cooperaci\u00f3n<\/span><\/strong><span class=\"arial_blanco_tex09pt\"><br \/><br \/><\/span><p class=\"arial_blanco_tex09pt\">Tiene como objetivo el de permitir el contacto y la cooperaci\u00f3n con entidades, agentes y empresas que generen informaci\u00f3n tecnol\u00f3gicamente relevante del sector, y que a su vez reciban el feedback correspondiente desde I3com.<\/p><\/td><\/tr><\/tbody><\/table>\t\t\t\t\t\t\t\t<\/div>\n\t\t\t\t<\/div>\n\t\t\t\t\t<\/div>\n\t\t<\/div>\n\t\t\t\t\t<\/div>\n\t\t<\/section>\n\t\t\t\t<\/div>\n\t\t","protected":false},"excerpt":{"rendered":"<p>\u00c1rea de Comunicaci\u00f3n y Cooperaci\u00f3n Tiene como objetivo el de permitir el contacto y la cooperaci\u00f3n con entidades, agentes y<\/p>\n","protected":false},"author":1,"featured_media":0,"parent":0,"menu_order":0,"comment_status":"closed","ping_status":"closed","template":"","meta":{"footnotes":""},"yoast_head":"<!-- This site is optimized with the Yoast SEO plugin v24.5 - https:\/\/yoast.com\/wordpress\/plugins\/seo\/ -->\r\n<title>\u00c1rea de Comunicaci\u00f3n y Cooperaci\u00f3n0 - i3com<\/title>\r\n<meta name=\"robots\" content=\"index, follow, max-snippet:-1, max-image-preview:large, max-video-preview:-1\" \/>\r\n<link rel=\"canonical\" href=\"https:\/\/fundacioncomercio.es\/i3com\/index.php\/area-de-comunicacion-y-cooperacion0\" \/>\r\n<meta property=\"og:locale\" content=\"es_ES\" \/>\r\n<meta property=\"og:type\" content=\"article\" \/>\r\n<meta property=\"og:title\" content=\"\u00c1rea de Comunicaci\u00f3n y Cooperaci\u00f3n0 - i3com\" \/>\r\n<meta property=\"og:description\" content=\"\u00c1rea de Comunicaci\u00f3n y Cooperaci\u00f3n Tiene como objetivo el de permitir el contacto y la cooperaci\u00f3n con entidades, agentes y\" \/>\r\n<meta property=\"og:url\" content=\"https:\/\/fundacioncomercio.es\/i3com\/index.php\/area-de-comunicacion-y-cooperacion0\" \/>\r\n<meta property=\"og:site_name\" content=\"i3com\" \/>\r\n<meta property=\"article:modified_time\" content=\"2019-05-22T11:52:50+00:00\" \/>\r\n<meta name=\"twitter:card\" content=\"summary_large_image\" \/>\r\n<script type=\"application\/ld+json\" class=\"yoast-schema-graph\">{\"@context\":\"https:\/\/schema.org\",\"@graph\":[{\"@type\":\"WebPage\",\"@id\":\"https:\/\/fundacioncomercio.es\/i3com\/index.php\/area-de-comunicacion-y-cooperacion0\",\"url\":\"https:\/\/fundacioncomercio.es\/i3com\/index.php\/area-de-comunicacion-y-cooperacion0\",\"name\":\"\u00c1rea de Comunicaci\u00f3n y Cooperaci\u00f3n0 - i3com\",\"isPartOf\":{\"@id\":\"https:\/\/fundacioncomercio.es\/i3com\/#website\"},\"datePublished\":\"2019-05-22T11:27:50+00:00\",\"dateModified\":\"2019-05-22T11:52:50+00:00\",\"breadcrumb\":{\"@id\":\"https:\/\/fundacioncomercio.es\/i3com\/index.php\/area-de-comunicacion-y-cooperacion0#breadcrumb\"},\"inLanguage\":\"es\",\"potentialAction\":[{\"@type\":\"ReadAction\",\"target\":[\"https:\/\/fundacioncomercio.es\/i3com\/index.php\/area-de-comunicacion-y-cooperacion0\"]}]},{\"@type\":\"BreadcrumbList\",\"@id\":\"https:\/\/fundacioncomercio.es\/i3com\/index.php\/area-de-comunicacion-y-cooperacion0#breadcrumb\",\"itemListElement\":[{\"@type\":\"ListItem\",\"position\":1,\"name\":\"Portada\",\"item\":\"https:\/\/fundacioncomercio.es\/i3com\"},{\"@type\":\"ListItem\",\"position\":2,\"name\":\"\u00c1rea de Comunicaci\u00f3n y Cooperaci\u00f3n0\"}]},{\"@type\":\"WebSite\",\"@id\":\"https:\/\/fundacioncomercio.es\/i3com\/#website\",\"url\":\"https:\/\/fundacioncomercio.es\/i3com\/\",\"name\":\"i3com\",\"description\":\"\",\"publisher\":{\"@id\":\"https:\/\/fundacioncomercio.es\/i3com\/#organization\"},\"potentialAction\":[{\"@type\":\"SearchAction\",\"target\":{\"@type\":\"EntryPoint\",\"urlTemplate\":\"https:\/\/fundacioncomercio.es\/i3com\/?s={search_term_string}\"},\"query-input\":{\"@type\":\"PropertyValueSpecification\",\"valueRequired\":true,\"valueName\":\"search_term_string\"}}],\"inLanguage\":\"es\"},{\"@type\":\"Organization\",\"@id\":\"https:\/\/fundacioncomercio.es\/i3com\/#organization\",\"name\":\"i3com\",\"url\":\"https:\/\/fundacioncomercio.es\/i3com\/\",\"logo\":{\"@type\":\"ImageObject\",\"inLanguage\":\"es\",\"@id\":\"https:\/\/fundacioncomercio.es\/i3com\/#\/schema\/logo\/image\/\",\"url\":\"https:\/\/fundacioncomercio.es\/i3com\/wp-content\/uploads\/2019\/05\/cropped-logoi3paraWp-1.png\",\"contentUrl\":\"https:\/\/fundacioncomercio.es\/i3com\/wp-content\/uploads\/2019\/05\/cropped-logoi3paraWp-1.png\",\"width\":8510,\"height\":1169,\"caption\":\"i3com\"},\"image\":{\"@id\":\"https:\/\/fundacioncomercio.es\/i3com\/#\/schema\/logo\/image\/\"}}]}<\/script>\r\n<!-- \/ Yoast SEO plugin. -->","yoast_head_json":{"title":"\u00c1rea de Comunicaci\u00f3n y Cooperaci\u00f3n0 - i3com","robots":{"index":"index","follow":"follow","max-snippet":"max-snippet:-1","max-image-preview":"max-image-preview:large","max-video-preview":"max-video-preview:-1"},"canonical":"https:\/\/fundacioncomercio.es\/i3com\/index.php\/area-de-comunicacion-y-cooperacion0","og_locale":"es_ES","og_type":"article","og_title":"\u00c1rea de Comunicaci\u00f3n y Cooperaci\u00f3n0 - i3com","og_description":"\u00c1rea de Comunicaci\u00f3n y Cooperaci\u00f3n Tiene como objetivo el de permitir el contacto y la cooperaci\u00f3n con entidades, agentes y","og_url":"https:\/\/fundacioncomercio.es\/i3com\/index.php\/area-de-comunicacion-y-cooperacion0","og_site_name":"i3com","article_modified_time":"2019-05-22T11:52:50+00:00","twitter_card":"summary_large_image","schema":{"@context":"https:\/\/schema.org","@graph":[{"@type":"WebPage","@id":"https:\/\/fundacioncomercio.es\/i3com\/index.php\/area-de-comunicacion-y-cooperacion0","url":"https:\/\/fundacioncomercio.es\/i3com\/index.php\/area-de-comunicacion-y-cooperacion0","name":"\u00c1rea de Comunicaci\u00f3n y Cooperaci\u00f3n0 - i3com","isPartOf":{"@id":"https:\/\/fundacioncomercio.es\/i3com\/#website"},"datePublished":"2019-05-22T11:27:50+00:00","dateModified":"2019-05-22T11:52:50+00:00","breadcrumb":{"@id":"https:\/\/fundacioncomercio.es\/i3com\/index.php\/area-de-comunicacion-y-cooperacion0#breadcrumb"},"inLanguage":"es","potentialAction":[{"@type":"ReadAction","target":["https:\/\/fundacioncomercio.es\/i3com\/index.php\/area-de-comunicacion-y-cooperacion0"]}]},{"@type":"BreadcrumbList","@id":"https:\/\/fundacioncomercio.es\/i3com\/index.php\/area-de-comunicacion-y-cooperacion0#breadcrumb","itemListElement":[{"@type":"ListItem","position":1,"name":"Portada","item":"https:\/\/fundacioncomercio.es\/i3com"},{"@type":"ListItem","position":2,"name":"\u00c1rea de Comunicaci\u00f3n y Cooperaci\u00f3n0"}]},{"@type":"WebSite","@id":"https:\/\/fundacioncomercio.es\/i3com\/#website","url":"https:\/\/fundacioncomercio.es\/i3com\/","name":"i3com","description":"","publisher":{"@id":"https:\/\/fundacioncomercio.es\/i3com\/#organization"},"potentialAction":[{"@type":"SearchAction","target":{"@type":"EntryPoint","urlTemplate":"https:\/\/fundacioncomercio.es\/i3com\/?s={search_term_string}"},"query-input":{"@type":"PropertyValueSpecification","valueRequired":true,"valueName":"search_term_string"}}],"inLanguage":"es"},{"@type":"Organization","@id":"https:\/\/fundacioncomercio.es\/i3com\/#organization","name":"i3com","url":"https:\/\/fundacioncomercio.es\/i3com\/","logo":{"@type":"ImageObject","inLanguage":"es","@id":"https:\/\/fundacioncomercio.es\/i3com\/#\/schema\/logo\/image\/","url":"https:\/\/fundacioncomercio.es\/i3com\/wp-content\/uploads\/2019\/05\/cropped-logoi3paraWp-1.png","contentUrl":"https:\/\/fundacioncomercio.es\/i3com\/wp-content\/uploads\/2019\/05\/cropped-logoi3paraWp-1.png","width":8510,"height":1169,"caption":"i3com"},"image":{"@id":"https:\/\/fundacioncomercio.es\/i3com\/#\/schema\/logo\/image\/"}}]}},"_links":{"self":[{"href":"https:\/\/fundacioncomercio.es\/i3com\/index.php\/wp-json\/wp\/v2\/pages\/54"}],"collection":[{"href":"https:\/\/fundacioncomercio.es\/i3com\/index.php\/wp-json\/wp\/v2\/pages"}],"about":[{"href":"https:\/\/fundacioncomercio.es\/i3com\/index.php\/wp-json\/wp\/v2\/types\/page"}],"author":[{"embeddable":true,"href":"https:\/\/fundacioncomercio.es\/i3com\/index.php\/wp-json\/wp\/v2\/users\/1"}],"replies":[{"embeddable":true,"href":"https:\/\/fundacioncomercio.es\/i3com\/index.php\/wp-json\/wp\/v2\/comments?post=54"}],"version-history":[{"count":3,"href":"https:\/\/fundacioncomercio.es\/i3com\/index.php\/wp-json\/wp\/v2\/pages\/54\/revisions"}],"predecessor-version":[{"id":57,"href":"https:\/\/fundacioncomercio.es\/i3com\/index.php\/wp-json\/wp\/v2\/pages\/54\/revisions\/57"}],"wp:attachment":[{"href":"https:\/\/fundacioncomercio.es\/i3com\/index.php\/wp-json\/wp\/v2\/media?parent=54"}],"curies":[{"name":"wp","href":"https:\/\/api.w.org\/{rel}","templated":true}]}}

Área de Comunicación y Cooperación0

<div data-elementor-type="wp-post" data-elementor-id="54" class="elementor elementor-54">
						<section class="elementor-section elementor-top-section elementor-element elementor-element-3690ba6 elementor-section-boxed elementor-section-height-default elementor-section-height-default" data-id="3690ba6" data-element_type="section">
						<div class="elementor-container elementor-column-gap-default">
					<div class="elementor-column elementor-col-100 elementor-top-column elementor-element elementor-element-5f666b2" data-id="5f666b2" data-element_type="column">
			<div class="elementor-widget-wrap elementor-element-populated">
						<div class="elementor-element elementor-element-b1f38db elementor-widget elementor-widget-text-editor" data-id="b1f38db" data-element_type="widget" data-widget_type="text-editor.default">
				<div class="elementor-widget-container">
									<table border="0" width="390" cellspacing="0" cellpadding="0"><tbody><tr><td align="left" valign="top"><strong><span class="arial_blanco_tex11pt_B">Área de Comunicación y Cooperación</span></strong><span class="arial_blanco_tex09pt"><br /><br /></span><p class="arial_blanco_tex09pt">Tiene como objetivo el de permitir el contacto y la cooperación con entidades, agentes y empresas que generen información tecnológicamente relevante del sector, y que a su vez reciban el feedback correspondiente desde I3com.</p></td></tr></tbody></table>								</div>
				</div>
					</div>
		</div>
					</div>
		</section>
				</div>

<p>Área de Comunicación y Cooperación Tiene como objetivo el de permitir el contacto y la cooperación con entidades, agentes y</p>

<!-- This site is optimized with the Yoast SEO plugin v24.5 - https://yoast.com/wordpress/plugins/seo/ -->
<title>Área de Comunicación y Cooperación0 - i3com</title>
<meta name="robots" content="index, follow, max-snippet:-1, max-image-preview:large, max-video-preview:-1" />
<link rel="canonical" href="https://fundacioncomercio.es/i3com/index.php/area-de-comunicacion-y-cooperacion0" />
<meta property="og:locale" content="es_ES" />
<meta property="og:type" content="article" />
<meta property="og:title" content="Área de Comunicación y Cooperación0 - i3com" />
<meta property="og:description" content="Área de Comunicación y Cooperación Tiene como objetivo el de permitir el contacto y la cooperación con entidades, agentes y" />
<meta property="og:url" content="https://fundacioncomercio.es/i3com/index.php/area-de-comunicacion-y-cooperacion0" />
<meta property="og:site_name" content="i3com" />
<meta property="article:modified_time" content="2019-05-22T11:52:50+00:00" />
<meta name="twitter:card" content="summary_large_image" />
<script type="application/ld+json" class="yoast-schema-graph">{"@context":"https://schema.org","@graph":[{"@type":"WebPage","@id":"https://fundacioncomercio.es/i3com/index.php/area-de-comunicacion-y-cooperacion0","url":"https://fundacioncomercio.es/i3com/index.php/area-de-comunicacion-y-cooperacion0","name":"Área de Comunicación y Cooperación0 - i3com","isPartOf":{"@id":"https://fundacioncomercio.es/i3com/#website"},"datePublished":"2019-05-22T11:27:50+00:00","dateModified":"2019-05-22T11:52:50+00:00","breadcrumb":{"@id":"https://fundacioncomercio.es/i3com/index.php/area-de-comunicacion-y-cooperacion0#breadcrumb"},"inLanguage":"es","potentialAction":[{"@type":"ReadAction","target":["https://fundacioncomercio.es/i3com/index.php/area-de-comunicacion-y-cooperacion0"]}]},{"@type":"BreadcrumbList","@id":"https://fundacioncomercio.es/i3com/index.php/area-de-comunicacion-y-cooperacion0#breadcrumb","itemListElement":[{"@type":"ListItem","position":1,"name":"Portada","item":"https://fundacioncomercio.es/i3com"},{"@type":"ListItem","position":2,"name":"Área de Comunicación y Cooperación0"}]},{"@type":"WebSite","@id":"https://fundacioncomercio.es/i3com/#website","url":"https://fundacioncomercio.es/i3com/","name":"i3com","description":"","publisher":{"@id":"https://fundacioncomercio.es/i3com/#organization"},"potentialAction":[{"@type":"SearchAction","target":{"@type":"EntryPoint","urlTemplate":"https://fundacioncomercio.es/i3com/?s={search_term_string}"},"query-input":{"@type":"PropertyValueSpecification","valueRequired":true,"valueName":"search_term_string"}}],"inLanguage":"es"},{"@type":"Organization","@id":"https://fundacioncomercio.es/i3com/#organization","name":"i3com","url":"https://fundacioncomercio.es/i3com/","logo":{"@type":"ImageObject","inLanguage":"es","@id":"https://fundacioncomercio.es/i3com/#/schema/logo/image/","url":"https://fundacioncomercio.es/i3com/wp-content/uploads/2019/05/cropped-logoi3paraWp-1.png","contentUrl":"https://fundacioncomercio.es/i3com/wp-content/uploads/2019/05/cropped-logoi3paraWp-1.png","width":8510,"height":1169,"caption":"i3com"},"image":{"@id":"https://fundacioncomercio.es/i3com/#/schema/logo/image/"}}]}</script>
<!-- / Yoast SEO plugin. -->

Área de Comunicación y Cooperación0 - i3com

Área de Comunicación y Cooperación Tiene como objetivo el de permitir el contacto y la cooperación con entidades, agentes y
